{"id":446,"date":"2024-05-31T09:06:35","date_gmt":"2024-05-31T09:06:35","guid":{"rendered":"https:\/\/nemzetfiatalmuveszeiert.com\/?page_id=446"},"modified":"2026-02-11T13:34:35","modified_gmt":"2026-02-11T13:34:35","slug":"palyazatok","status":"publish","type":"page","link":"https:\/\/nemzetfiatalmuveszeiert.com\/?page_id=446","title":{"rendered":"P\u00e1ly\u00e1zatok"},"content":{"rendered":"\t\t<div data-elementor-type=\"wp-page\" data-elementor-id=\"446\" class=\"elementor elementor-446\" data-elementor-post-type=\"page\">\n\t\t\t\t\t\t<section class=\"elementor-section elementor-top-section elementor-element elementor-element-65821d6 elementor-section-boxed elementor-section-height-default elementor-section-height-default\" data-id=\"65821d6\" data-element_type=\"section\">\n\t\t\t\t\t\t<div class=\"elementor-container elementor-column-gap-default\">\n\t\t\t\t\t<div class=\"elementor-column elementor-col-100 elementor-top-column elementor-element elementor-element-1da8ff3\" data-id=\"1da8ff3\" data-element_type=\"column\">\n\t\t\t<div class=\"elementor-widget-wrap elementor-element-populated\">\n\t\t\t\t\t\t<div class=\"elementor-element elementor-element-66e47c0 elementor-widget elementor-widget-heading\" data-id=\"66e47c0\" data-element_type=\"widget\" data-widget_type=\"heading.default\">\n\t\t\t\t<div class=\"elementor-widget-container\">\n\t\t\t\t\t<h1 class=\"elementor-heading-title elementor-size-small\"><a href=\"#projektek\">P\u00e1ly\u00e1zatok<\/a><\/h1>\t\t\t\t<\/div>\n\t\t\t\t<\/div>\n\t\t\t\t\t<\/div>\n\t\t<\/div>\n\t\t\t\t\t<\/div>\n\t\t<\/section>\n\t\t\t\t<section class=\"elementor-section elementor-top-section elementor-element elementor-element-a9913f3 elementor-section-boxed elementor-section-height-default elementor-section-height-default\" data-id=\"a9913f3\" data-element_type=\"section\">\n\t\t\t\t\t\t<div class=\"elementor-container elementor-column-gap-default\">\n\t\t\t\t\t<div class=\"elementor-column elementor-col-100 elementor-top-column elementor-element elementor-element-02254a7\" data-id=\"02254a7\" data-element_type=\"column\">\n\t\t\t<div class=\"elementor-widget-wrap elementor-element-populated\">\n\t\t\t\t\t\t<div class=\"elementor-element elementor-element-524b362 elementor-widget elementor-widget-text-editor\" data-id=\"524b362\" data-element_type=\"widget\" data-widget_type=\"text-editor.default\">\n\t\t\t\t<div class=\"elementor-widget-container\">\n\t\t\t\t\t\t\t\t\t<h5>Akt\u00edv p\u00e1ly\u00e1zat:<\/h5>\t\t\t\t\t\t\t\t<\/div>\n\t\t\t\t<\/div>\n\t\t\t\t<div class=\"elementor-element elementor-element-4f7f3b1 elementor-widget elementor-widget-text-editor\" data-id=\"4f7f3b1\" data-element_type=\"widget\" data-widget_type=\"text-editor.default\">\n\t\t\t\t<div class=\"elementor-widget-container\">\n\t\t\t\t\t\t\t\t\t<p><strong>Els\u0151 F\u00e9nyek &#8211; A Felt\u00f6rekv\u0151 Fiatal tehets\u00e9gek L\u00e1that\u00f3s\u00e1g\u00e1\u00e9rt &#8211; Egyens\u00falyban c\u00edm\u0171 p\u00e1ly\u00e1zati ki\u00edr\u00e1s<\/strong><\/p>\t\t\t\t\t\t\t\t<\/div>\n\t\t\t\t<\/div>\n\t\t\t\t\t<\/div>\n\t\t<\/div>\n\t\t\t\t\t<\/div>\n\t\t<\/section>\n\t\t\t\t<section class=\"elementor-section elementor-top-section elementor-element elementor-element-6ed6b89 elementor-section-boxed elementor-section-height-default elementor-section-height-default\" data-id=\"6ed6b89\" data-element_type=\"section\">\n\t\t\t\t\t\t<div class=\"elementor-container elementor-column-gap-default\">\n\t\t\t\t\t<div class=\"elementor-column elementor-col-50 elementor-top-column elementor-element elementor-element-f647631\" data-id=\"f647631\" data-element_type=\"column\" data-settings=\"{&quot;background_background&quot;:&quot;classic&quot;}\">\n\t\t\t<div class=\"elementor-widget-wrap elementor-element-populated\">\n\t\t\t\t\t\t<div class=\"elementor-element elementor-element-d8b8681 elementor-widget elementor-widget-heading\" data-id=\"d8b8681\" data-element_type=\"widget\" data-widget_type=\"heading.default\">\n\t\t\t\t<div class=\"elementor-widget-container\">\n\t\t\t\t\t<h5 class=\"elementor-heading-title elementor-size-default\"><a href=\"https:\/\/nemzetfiatalmuveszeiert.com\/wp-content\/uploads\/2026\/02\/Elso-Fenyek-A-Feltorekvo-Fiatal-Tehetsegek-Lathatosagaert-palyazati-kiiras-10-17-eves-korosztaly-reszere.docx\" target=\"_blank\">P\u00e1ly\u00e1zati k\u00f6zlem\u00e9ny<\/a><\/h5>\t\t\t\t<\/div>\n\t\t\t\t<\/div>\n\t\t\t\t\t<\/div>\n\t\t<\/div>\n\t\t\t\t<div class=\"elementor-column elementor-col-50 elementor-top-column elementor-element elementor-element-6ebe689\" data-id=\"6ebe689\" data-element_type=\"column\" data-settings=\"{&quot;background_background&quot;:&quot;classic&quot;}\">\n\t\t\t<div class=\"elementor-widget-wrap elementor-element-populated\">\n\t\t\t\t\t\t<div class=\"elementor-element elementor-element-a75e216 elementor-widget elementor-widget-heading\" data-id=\"a75e216\" data-element_type=\"widget\" data-widget_type=\"heading.default\">\n\t\t\t\t<div class=\"elementor-widget-container\">\n\t\t\t\t\t<h5 class=\"elementor-heading-title elementor-size-default\"><a href=\"https:\/\/nemzetfiatalmuveszeiert.com\/wp-content\/uploads\/2026\/02\/Elso-Fenyek-A-Feltorekvo-Fiatal-Tehetsegek-Lathatosagaert-Egyensulyban-cimu-palyazati-adatlap.docx\" target=\"_blank\">P\u00e1ly\u00e1zati adatlap<\/a><\/h5>\t\t\t\t<\/div>\n\t\t\t\t<\/div>\n\t\t\t\t\t<\/div>\n\t\t<\/div>\n\t\t\t\t\t<\/div>\n\t\t<\/section>\n\t\t\t\t<section class=\"elementor-section elementor-top-section elementor-element elementor-element-81ad377 elementor-section-boxed elementor-section-height-default elementor-section-height-default\" data-id=\"81ad377\" data-element_type=\"section\">\n\t\t\t\t\t\t<div class=\"elementor-container elementor-column-gap-default\">\n\t\t\t\t\t<div class=\"elementor-column elementor-col-100 elementor-top-column elementor-element elementor-element-f22f75e\" data-id=\"f22f75e\" data-element_type=\"column\">\n\t\t\t<div class=\"elementor-widget-wrap elementor-element-populated\">\n\t\t\t\t\t\t<div class=\"elementor-element elementor-element-b4cda67 elementor-widget elementor-widget-text-editor\" data-id=\"b4cda67\" data-element_type=\"widget\" data-widget_type=\"text-editor.default\">\n\t\t\t\t<div class=\"elementor-widget-container\">\n\t\t\t\t\t\t\t\t\t<h5>Lez\u00e1rt p\u00e1ly\u00e1zat:<\/h5>\t\t\t\t\t\t\t\t<\/div>\n\t\t\t\t<\/div>\n\t\t\t\t<div class=\"elementor-element elementor-element-596a9b2 elementor-widget elementor-widget-text-editor\" data-id=\"596a9b2\" data-element_type=\"widget\" data-widget_type=\"text-editor.default\">\n\t\t\t\t<div class=\"elementor-widget-container\">\n\t\t\t\t\t\t\t\t\t<p><strong>\u201eGondolat Vil\u00e1ga! -Tal\u00e1ld meg \u00d6nmagad, hited \u00e9s kult\u00far\u00e1d kincseit a k\u00e9pz\u0151m\u0171v\u00e9szet t\u00fckr\u00e9ben!\u201d &#8211; c\u00edmmel,<\/strong><\/p><p style=\"font-weight: 400;\"><strong><em>P\u00e1ly\u00e1zati felh\u00edv\u00e1s az anyaotthonokban, lak\u00e1sotthonokban \u00e9s nevel\u0151sz\u00fcl\u0151kn\u00e9l \u00e9l\u0151, a m\u0171v\u00e9szet ter\u00fclet\u00e9n tehets\u00e9g gyermekek \/ fiatalok r\u00e9sz\u00e9re.<\/em><\/strong><\/p><p style=\"font-weight: 400;\"><strong><em>Az \u00e9l\u0151vil\u00e1g, a term\u00e9szet, az \u00e1llatvil\u00e1g t\u00e9mak\u00f6r\u00e9nek palett\u00e1j\u00e1b\u00f3l, szabadon v\u00e1lasztott t\u00e9m\u00e1ban \u00e9s eszk\u00f6z\u00f6kkel!<\/em><\/strong><\/p><p style=\"font-weight: 400;\"><strong><em>10-16 \u00e9ves koroszt\u00e1ly sz\u00e1m\u00e1ra<\/em><\/strong><\/p><p>P\u00e1ly\u00e1zat k\u00f3dja: NFMA-GYO-1-2025<\/p>\t\t\t\t\t\t\t\t<\/div>\n\t\t\t\t<\/div>\n\t\t\t\t\t<\/div>\n\t\t<\/div>\n\t\t\t\t\t<\/div>\n\t\t<\/section>\n\t\t\t\t<section class=\"elementor-section elementor-top-section elementor-element elementor-element-e66f0b7 elementor-section-content-middle elementor-section-boxed elementor-section-height-default elementor-section-height-default\" data-id=\"e66f0b7\" data-element_type=\"section\">\n\t\t\t\t\t\t<div class=\"elementor-container elementor-column-gap-extended\">\n\t\t\t\t\t<div class=\"elementor-column elementor-col-100 elementor-top-column elementor-element elementor-element-5821e8b\" data-id=\"5821e8b\" data-element_type=\"column\">\n\t\t\t<div class=\"elementor-widget-wrap elementor-element-populated\">\n\t\t\t\t\t\t<div class=\"elementor-element elementor-element-a007921 elementor-widget elementor-widget-heading\" data-id=\"a007921\" data-element_type=\"widget\" data-widget_type=\"heading.default\">\n\t\t\t\t<div class=\"elementor-widget-container\">\n\t\t\t\t\t<h2 class=\"elementor-heading-title elementor-size-default\"><a href=\"https:\/\/nemzetfiatalmuveszeiert.com\/?page_id=1470\" target=\"_blank\">\u201eGondolat Vil\u00e1ga! -Tal\u00e1ld meg \u00d6nmagad, hited \u00e9s kult\u00far\u00e1d kincseit a k\u00e9pz\u0151m\u0171v\u00e9szet t\u00fckr\u00e9ben!\u201d<\/a><\/h2>\t\t\t\t<\/div>\n\t\t\t\t<\/div>\n\t\t\t\t<div class=\"elementor-element elementor-element-ad28c30 elementor-widget elementor-widget-text-editor\" data-id=\"ad28c30\" data-element_type=\"widget\" data-widget_type=\"text-editor.default\">\n\t\t\t\t<div class=\"elementor-widget-container\">\n\t\t\t\t\t\t\t\t\t<p>10-16 \u00e9ves koroszt\u00e1ly sz\u00e1m\u00e1ra<\/p>\t\t\t\t\t\t\t\t<\/div>\n\t\t\t\t<\/div>\n\t\t\t\t\t<\/div>\n\t\t<\/div>\n\t\t\t\t\t<\/div>\n\t\t<\/section>\n\t\t\t\t<section class=\"elementor-section elementor-top-section elementor-element elementor-element-2153165 elementor-section-boxed elementor-section-height-default elementor-section-height-default\" data-id=\"2153165\" data-element_type=\"section\">\n\t\t\t\t\t\t<div class=\"elementor-container elementor-column-gap-default\">\n\t\t\t\t\t<div class=\"elementor-column elementor-col-100 elementor-top-column elementor-element elementor-element-bf6e66c\" data-id=\"bf6e66c\" data-element_type=\"column\">\n\t\t\t<div class=\"elementor-widget-wrap elementor-element-populated\">\n\t\t\t\t\t\t<div class=\"elementor-element elementor-element-636e2b2 elementor-widget elementor-widget-spacer\" data-id=\"636e2b2\" data-element_type=\"widget\" data-widget_type=\"spacer.default\">\n\t\t\t\t<div class=\"elementor-widget-container\">\n\t\t\t\t\t\t\t<div class=\"elementor-spacer\">\n\t\t\t<div class=\"elementor-spacer-inner\"><\/div>\n\t\t<\/div>\n\t\t\t\t\t\t<\/div>\n\t\t\t\t<\/div>\n\t\t\t\t<div class=\"elementor-element elementor-element-2a6b448 elementor-widget-divider--view-line elementor-widget elementor-widget-divider\" data-id=\"2a6b448\" data-element_type=\"widget\" data-widget_type=\"divider.default\">\n\t\t\t\t<div class=\"elementor-widget-container\">\n\t\t\t\t\t\t\t<div class=\"elementor-divider\">\n\t\t\t<span class=\"elementor-divider-separator\">\n\t\t\t\t\t\t<\/span>\n\t\t<\/div>\n\t\t\t\t\t\t<\/div>\n\t\t\t\t<\/div>\n\t\t\t\t<div class=\"elementor-element elementor-element-a6d13a9 elementor-widget elementor-widget-text-editor\" data-id=\"a6d13a9\" data-element_type=\"widget\" data-widget_type=\"text-editor.default\">\n\t\t\t\t<div class=\"elementor-widget-container\">\n\t\t\t\t\t\t\t\t\t<h5>Lez\u00e1rt p\u00e1ly\u00e1zat:<\/h5>\t\t\t\t\t\t\t\t<\/div>\n\t\t\t\t<\/div>\n\t\t\t\t<div class=\"elementor-element elementor-element-8e2727e elementor-widget elementor-widget-text-editor\" data-id=\"8e2727e\" data-element_type=\"widget\" data-widget_type=\"text-editor.default\">\n\t\t\t\t<div class=\"elementor-widget-container\">\n\t\t\t\t\t\t\t\t\t<p><strong>NMFA 2024 P\u00e1ly\u00e1zati felh\u00edv\u00e1s az al\u00e1bbi t\u00e9mak\u00f6r\u00f6kben: <\/strong><\/p><p><strong>(regisztr\u00e1ci\u00f3 menete: kapcsolati email k\u00fcld\u00e9se a <\/strong><strong>n\u00e9v, lakc\u00edm, email c\u00edm \u00e9s a p\u00e1ly\u00e1zat k\u00f3dja be\u00edr\u00e1s\u00e1val, a k\u00fcld\u00e9s gombra kattintva)<\/strong><\/p>\t\t\t\t\t\t\t\t<\/div>\n\t\t\t\t<\/div>\n\t\t\t\t\t<\/div>\n\t\t<\/div>\n\t\t\t\t\t<\/div>\n\t\t<\/section>\n\t\t\t\t<section class=\"elementor-section elementor-top-section elementor-element elementor-element-7497d4c elementor-section-content-middle elementor-section-boxed elementor-section-height-default elementor-section-height-default\" data-id=\"7497d4c\" data-element_type=\"section\">\n\t\t\t\t\t\t<div class=\"elementor-container elementor-column-gap-extended\">\n\t\t\t\t\t<div class=\"elementor-column elementor-col-33 elementor-top-column elementor-element elementor-element-f335dc5\" data-id=\"f335dc5\" data-element_type=\"column\">\n\t\t\t<div class=\"elementor-widget-wrap elementor-element-populated\">\n\t\t\t\t\t\t<div class=\"elementor-element elementor-element-de3ca11 elementor-widget elementor-widget-heading\" data-id=\"de3ca11\" data-element_type=\"widget\" data-widget_type=\"heading.default\">\n\t\t\t\t<div class=\"elementor-widget-container\">\n\t\t\t\t\t<h2 class=\"elementor-heading-title elementor-size-default\"><a href=\"https:\/\/nemzetfiatalmuveszeiert.com\/?page_id=188\" target=\"_blank\">Term\u00e9szetv\u00e9delem<\/a><\/h2>\t\t\t\t<\/div>\n\t\t\t\t<\/div>\n\t\t\t\t<div class=\"elementor-element elementor-element-16c9eda elementor-widget elementor-widget-text-editor\" data-id=\"16c9eda\" data-element_type=\"widget\" data-widget_type=\"text-editor.default\">\n\t\t\t\t<div class=\"elementor-widget-container\">\n\t\t\t\t\t\t\t\t\t<p>10-12 \u00e9ves koroszt\u00e1ly sz\u00e1m\u00e1ra<\/p>\t\t\t\t\t\t\t\t<\/div>\n\t\t\t\t<\/div>\n\t\t\t\t\t<\/div>\n\t\t<\/div>\n\t\t\t\t<div class=\"elementor-column elementor-col-33 elementor-top-column elementor-element elementor-element-7a7a803\" data-id=\"7a7a803\" data-element_type=\"column\">\n\t\t\t<div class=\"elementor-widget-wrap elementor-element-populated\">\n\t\t\t\t\t\t<div class=\"elementor-element elementor-element-98eaf1c elementor-widget elementor-widget-heading\" data-id=\"98eaf1c\" data-element_type=\"widget\" data-widget_type=\"heading.default\">\n\t\t\t\t<div class=\"elementor-widget-container\">\n\t\t\t\t\t<h2 class=\"elementor-heading-title elementor-size-default\"><a href=\"https:\/\/nemzetfiatalmuveszeiert.com\/?page_id=236\" target=\"_blank\">\u00c1llatv\u00e9delem<\/a><\/h2>\t\t\t\t<\/div>\n\t\t\t\t<\/div>\n\t\t\t\t<div class=\"elementor-element elementor-element-f2b00d9 elementor-widget elementor-widget-text-editor\" data-id=\"f2b00d9\" data-element_type=\"widget\" data-widget_type=\"text-editor.default\">\n\t\t\t\t<div class=\"elementor-widget-container\">\n\t\t\t\t\t\t\t\t\t<p>13-15 \u00e9ves koroszt\u00e1ly sz\u00e1m\u00e1ra<\/p>\t\t\t\t\t\t\t\t<\/div>\n\t\t\t\t<\/div>\n\t\t\t\t\t<\/div>\n\t\t<\/div>\n\t\t\t\t<div class=\"elementor-column elementor-col-33 elementor-top-column elementor-element elementor-element-b585f48\" data-id=\"b585f48\" data-element_type=\"column\">\n\t\t\t<div class=\"elementor-widget-wrap elementor-element-populated\">\n\t\t\t\t\t\t<div class=\"elementor-element elementor-element-36c2943 elementor-widget elementor-widget-heading\" data-id=\"36c2943\" data-element_type=\"widget\" data-widget_type=\"heading.default\">\n\t\t\t\t<div class=\"elementor-widget-container\">\n\t\t\t\t\t<h2 class=\"elementor-heading-title elementor-size-default\"><a href=\"https:\/\/nemzetfiatalmuveszeiert.com\/?page_id=250\" target=\"_blank\">Fenntarthat\u00f3s\u00e1g<\/a><\/h2>\t\t\t\t<\/div>\n\t\t\t\t<\/div>\n\t\t\t\t<div class=\"elementor-element elementor-element-37931ad elementor-widget elementor-widget-text-editor\" data-id=\"37931ad\" data-element_type=\"widget\" data-widget_type=\"text-editor.default\">\n\t\t\t\t<div class=\"elementor-widget-container\">\n\t\t\t\t\t\t\t\t\t<p>16-22 \u00e9ves koroszt\u00e1ly sz\u00e1m\u00e1ra<\/p>\t\t\t\t\t\t\t\t<\/div>\n\t\t\t\t<\/div>\n\t\t\t\t\t<\/div>\n\t\t<\/div>\n\t\t\t\t\t<\/div>\n\t\t<\/section>\n\t\t\t\t<\/div>\n\t\t","protected":false},"excerpt":{"rendered":"<p>P\u00e1ly\u00e1zatok Akt\u00edv p\u00e1ly\u00e1zat: Els\u0151 F\u00e9nyek &#8211; A Felt\u00f6rekv\u0151 Fiatal tehets\u00e9gek L\u00e1that\u00f3s\u00e1g\u00e1\u00e9rt &#8211; Egyens\u00falyban c\u00edm\u0171 p\u00e1ly\u00e1zati ki\u00edr\u00e1s P\u00e1ly\u00e1zati k\u00f6zlem\u00e9ny P\u00e1ly\u00e1zati adatlap Lez\u00e1rt p\u00e1ly\u00e1zat: \u201eGondolat Vil\u00e1ga! -Tal\u00e1ld meg \u00d6nmagad, hited \u00e9s kult\u00far\u00e1d kincseit a k\u00e9pz\u0151m\u0171v\u00e9szet t\u00fckr\u00e9ben!\u201d &#8211; c\u00edmmel, P\u00e1ly\u00e1zati felh\u00edv\u00e1s az anyaotthonokban, lak\u00e1sotthonokban \u00e9s nevel\u0151sz\u00fcl\u0151kn\u00e9l \u00e9l\u0151, a m\u0171v\u00e9szet ter\u00fclet\u00e9n tehets\u00e9g gyermekek \/ fiatalok r\u00e9sz\u00e9re. Az \u00e9l\u0151vil\u00e1g, a [&hellip;]<\/p>\n","protected":false},"author":1,"featured_media":0,"parent":0,"menu_order":0,"comment_status":"closed","ping_status":"closed","template":"elementor_header_footer","meta":{"footnotes":""},"class_list":["post-446","page","type-page","status-publish","hentry"],"yoast_head":"<!-- This site is optimized with the Yoast SEO plugin v24.2 - https:\/\/yoast.com\/wordpress\/plugins\/seo\/ -->\n<title>P\u00e1ly\u00e1zatok -<\/title>\n<meta name=\"robots\" content=\"index, follow, max-snippet:-1, max-image-preview:large, max-video-preview:-1\" \/>\n<link rel=\"canonical\" href=\"https:\/\/nemzetfiatalmuveszeiert.com\/?page_id=446\" \/>\n<meta property=\"og:locale\" content=\"hu_HU\" \/>\n<meta property=\"og:type\" content=\"article\" \/>\n<meta property=\"og:title\" content=\"Nemzet Fiatal M\u0171v\u00e9szei\u00e9rt Alap\u00edtv\u00e1ny - P\u00e1ly\u00e1zatok\" \/>\n<meta property=\"og:description\" content=\"A Nemzet Fiatal M\u0171v\u00e9szei\u00e9rt Alap\u00edtv\u00e1ny p\u00e1ly\u00e1zatai \u00e9s azok le\u00edr\u00e1sai itt \u00e9rhet\u0151ek el.\" \/>\n<meta property=\"og:url\" content=\"https:\/\/nemzetfiatalmuveszeiert.com\/?page_id=446\" \/>\n<meta property=\"article:modified_time\" content=\"2026-02-11T13:34:35+00:00\" \/>\n<meta property=\"og:image\" content=\"http:\/\/nemzetfiatalmuveszeiert.com\/wp-content\/uploads\/2024\/07\/Kepernyofoto-2024-07-17-15.05.42.png\" \/>\n\t<meta property=\"og:image:width\" content=\"794\" \/>\n\t<meta property=\"og:image:height\" content=\"396\" \/>\n\t<meta property=\"og:image:type\" content=\"image\/png\" \/>\n<meta name=\"twitter:card\" content=\"summary_large_image\" \/>\n<meta name=\"twitter:label1\" content=\"Becs\u00fclt olvas\u00e1si id\u0151\" \/>\n\t<meta name=\"twitter:data1\" content=\"1 perc\" \/>\n<script type=\"application\/ld+json\" class=\"yoast-schema-graph\">{\"@context\":\"https:\/\/schema.org\",\"@graph\":[{\"@type\":\"WebPage\",\"@id\":\"https:\/\/nemzetfiatalmuveszeiert.com\/?page_id=446\",\"url\":\"https:\/\/nemzetfiatalmuveszeiert.com\/?page_id=446\",\"name\":\"P\u00e1ly\u00e1zatok -\",\"isPartOf\":{\"@id\":\"https:\/\/nemzetfiatalmuveszeiert.com\/#website\"},\"datePublished\":\"2024-05-31T09:06:35+00:00\",\"dateModified\":\"2026-02-11T13:34:35+00:00\",\"breadcrumb\":{\"@id\":\"https:\/\/nemzetfiatalmuveszeiert.com\/?page_id=446#breadcrumb\"},\"inLanguage\":\"hu\",\"potentialAction\":[{\"@type\":\"ReadAction\",\"target\":[\"https:\/\/nemzetfiatalmuveszeiert.com\/?page_id=446\"]}]},{\"@type\":\"BreadcrumbList\",\"@id\":\"https:\/\/nemzetfiatalmuveszeiert.com\/?page_id=446#breadcrumb\",\"itemListElement\":[{\"@type\":\"ListItem\",\"position\":1,\"name\":\"Kezd\u0151lap\",\"item\":\"https:\/\/nemzetfiatalmuveszeiert.com\/\"},{\"@type\":\"ListItem\",\"position\":2,\"name\":\"P\u00e1ly\u00e1zatok\"}]},{\"@type\":\"WebSite\",\"@id\":\"https:\/\/nemzetfiatalmuveszeiert.com\/#website\",\"url\":\"https:\/\/nemzetfiatalmuveszeiert.com\/\",\"name\":\"\",\"description\":\"\",\"potentialAction\":[{\"@type\":\"SearchAction\",\"target\":{\"@type\":\"EntryPoint\",\"urlTemplate\":\"https:\/\/nemzetfiatalmuveszeiert.com\/?s={search_term_string}\"},\"query-input\":{\"@type\":\"PropertyValueSpecification\",\"valueRequired\":true,\"valueName\":\"search_term_string\"}}],\"inLanguage\":\"hu\"}]}<\/script>\n<!-- \/ Yoast SEO plugin. -->","yoast_head_json":{"title":"P\u00e1ly\u00e1zatok -","robots":{"index":"index","follow":"follow","max-snippet":"max-snippet:-1","max-image-preview":"max-image-preview:large","max-video-preview":"max-video-preview:-1"},"canonical":"https:\/\/nemzetfiatalmuveszeiert.com\/?page_id=446","og_locale":"hu_HU","og_type":"article","og_title":"Nemzet Fiatal M\u0171v\u00e9szei\u00e9rt Alap\u00edtv\u00e1ny - P\u00e1ly\u00e1zatok","og_description":"A Nemzet Fiatal M\u0171v\u00e9szei\u00e9rt Alap\u00edtv\u00e1ny p\u00e1ly\u00e1zatai \u00e9s azok le\u00edr\u00e1sai itt \u00e9rhet\u0151ek el.","og_url":"https:\/\/nemzetfiatalmuveszeiert.com\/?page_id=446","article_modified_time":"2026-02-11T13:34:35+00:00","og_image":[{"width":794,"height":396,"url":"http:\/\/nemzetfiatalmuveszeiert.com\/wp-content\/uploads\/2024\/07\/Kepernyofoto-2024-07-17-15.05.42.png","type":"image\/png"}],"twitter_card":"summary_large_image","twitter_misc":{"Becs\u00fclt olvas\u00e1si id\u0151":"1 perc"},"schema":{"@context":"https:\/\/schema.org","@graph":[{"@type":"WebPage","@id":"https:\/\/nemzetfiatalmuveszeiert.com\/?page_id=446","url":"https:\/\/nemzetfiatalmuveszeiert.com\/?page_id=446","name":"P\u00e1ly\u00e1zatok -","isPartOf":{"@id":"https:\/\/nemzetfiatalmuveszeiert.com\/#website"},"datePublished":"2024-05-31T09:06:35+00:00","dateModified":"2026-02-11T13:34:35+00:00","breadcrumb":{"@id":"https:\/\/nemzetfiatalmuveszeiert.com\/?page_id=446#breadcrumb"},"inLanguage":"hu","potentialAction":[{"@type":"ReadAction","target":["https:\/\/nemzetfiatalmuveszeiert.com\/?page_id=446"]}]},{"@type":"BreadcrumbList","@id":"https:\/\/nemzetfiatalmuveszeiert.com\/?page_id=446#breadcrumb","itemListElement":[{"@type":"ListItem","position":1,"name":"Kezd\u0151lap","item":"https:\/\/nemzetfiatalmuveszeiert.com\/"},{"@type":"ListItem","position":2,"name":"P\u00e1ly\u00e1zatok"}]},{"@type":"WebSite","@id":"https:\/\/nemzetfiatalmuveszeiert.com\/#website","url":"https:\/\/nemzetfiatalmuveszeiert.com\/","name":"","description":"","potentialAction":[{"@type":"SearchAction","target":{"@type":"EntryPoint","urlTemplate":"https:\/\/nemzetfiatalmuveszeiert.com\/?s={search_term_string}"},"query-input":{"@type":"PropertyValueSpecification","valueRequired":true,"valueName":"search_term_string"}}],"inLanguage":"hu"}]}},"_links":{"self":[{"href":"https:\/\/nemzetfiatalmuveszeiert.com\/index.php?rest_route=\/wp\/v2\/pages\/446","targetHints":{"allow":["GET"]}}],"collection":[{"href":"https:\/\/nemzetfiatalmuveszeiert.com\/index.php?rest_route=\/wp\/v2\/pages"}],"about":[{"href":"https:\/\/nemzetfiatalmuveszeiert.com\/index.php?rest_route=\/wp\/v2\/types\/page"}],"author":[{"embeddable":true,"href":"https:\/\/nemzetfiatalmuveszeiert.com\/index.php?rest_route=\/wp\/v2\/users\/1"}],"replies":[{"embeddable":true,"href":"https:\/\/nemzetfiatalmuveszeiert.com\/index.php?rest_route=%2Fwp%2Fv2%2Fcomments&post=446"}],"version-history":[{"count":25,"href":"https:\/\/nemzetfiatalmuveszeiert.com\/index.php?rest_route=\/wp\/v2\/pages\/446\/revisions"}],"predecessor-version":[{"id":2083,"href":"https:\/\/nemzetfiatalmuveszeiert.com\/index.php?rest_route=\/wp\/v2\/pages\/446\/revisions\/2083"}],"wp:attachment":[{"href":"https:\/\/nemzetfiatalmuveszeiert.com\/index.php?rest_route=%2Fwp%2Fv2%2Fmedia&parent=446"}],"curies":[{"name":"wp","href":"https:\/\/api.w.org\/{rel}","templated":true}]}}